 tens digit of 211079?
7
What is the units digit of 328639?
9
What is the hundred thousands digit of 4089814?
0
What is the hundreds digit of 3680974?
9
What is the hundred thousands digit of 375423?
3
What is the units digit of 272755?
5
What is the ten thousands digit of 4329441?
2
What is the units digit of 95929?
9
What is the thousands digit of 2565605?
5
What is the thousands digit of 160274?
0
What is the units digit of 904158?
8
What is the hundreds digit of 9174038?
0
What is the tens digit of 302056?
5
What is the ten thousands digit of 244093?
4
What is the hundreds digit of 2739193?
1
What is the hundred thousands digit of 482350?
4
What is the hundred thousands digit of 16882456?
8
What is the hundreds digit of 27437592?
5
What is the tens digit of 5061?
6
What is the thousands digit of 9154701?
4
What is the thousands digit of 275892?
5
What is the hundreds digit of 1525005?
0
What is the ten thousands digit of 80768?
8
What is the millions digit of 2241460?
2
What is the millions digit of 3574366?
3
What is the tens digit of 6955265?
6
What is the units digit of 14867721?
1
What is the units digit of 7588209?
9
What is the tens digit of 593328?
2
What is the millions digit of 7652094?
7
What is the units digit of 1213238?
8
What is the ten thousands digit of 189324?
8
What is the millions digit of 1497935?
1
What is the hundreds digit of 4899306?
3
What is the hundreds digit of 30436378?
3
What is the tens digit of 780319?
1
What is the units digit of 347169?
9
What is the millions digit of 2096066?
2
What is the thousands digit of 108551?
8
What is the tens digit of 155314?
1
What is the thousands digit of 55828?
5
What is the thousands digit of 117854?
7
What is the millions digit of 5031115?
5
What is the hundreds digit of 1414474?
4
What is the units digit of 13804807?
7
What is the hundreds digit of 492171?
1
What is the millions digit of 12591500?
2
What is the units digit of 306142?
2
What is the thousands digit of 68799?
8
What is the millions digit of 12099734?
2
What is the thousands digit of 788395?
8
What is the hundred thousands digit of 1746192?
7
What is the hundred thousands digit of 3362399?
3
What is the thousands digit of 547860?
7
What is the hundreds digit of 99197?
1
What is the thousands digit of 7835039?
5
What is the hundred thousands digit of 141428?
1
What is the hundred thousands digit of 134077?
1
What is the hundreds digit of 36523?
5
What is the ten thousands digit of 1108887?
0
What is the hundreds digit of 449437?
4
What is the tens digit of 445081?
8
What is the ten thousands digit of 234749?
3
What is the units digit of 29725743?
3
What is the ten thousands digit of 108180?
0
What is the millions digit of 7939184?
7
What is the tens digit of 353290?
9
What is the units digit of 23303325?
5
What is the tens digit of 26742297?
9
What is the hundreds digit of 41756?
7
What is the ten thousands digit of 621520?
2
What is the ten thousands digit of 180509?
8
What is the thousands digit of 1106217?
6
What is the tens digit of 18699674?
7
What is the thousands digit of 37861?
7
What is the ten thousands digit of 536065?
3
What is the ten thousands digit of 6010076?
1
What is the ten thousands digit of 189822?
8
What is the tens digit of 867889?
8
What is the tens digit of 6162696?
9
What is the units digit of 2503293?
3
What is the thousands digit of 39589201?
9
What is the tens digit of 3657329?
2
What is the units digit of 205549?
9
What is the units digit of 321218?
8
What is the thousands digit of 227888?
7
What is the hundred thousands digit of 7779576?
7
What is the hundred thousands digit of 820479?
8
What is the hundred thousands digit of 6831210?
8
What is the ten thousands digit of 885958?
8
What is the tens digit of 4875812?
1
What is the thousands digit of 6193994?
3
What is the thousands digit of 3214092?
4
What is the thousands digit of 508270?
8
What is the hundreds digit of 361597?
5
What is the ten thousands digit of 494982?
9
What is the hundred thousands digit of 3293773?
2
What is the hundred thousands digit of 10753773?
7
What is the ten thousands digit of 3382081?
8
What is the millions digit of 5224968?
5
What is the tens digit of 9514343?
4
What is the millions digit of 2495401?
2
What is the ten thousands digit of 8721820?
2
What is the hundred thousands digit of 2780956?
7
What is the hundred thousands digit of 3560538?
5
What is the tens digit of 22495909?
0
What is the thousands digit of 676752?
6
What is the hundreds digit of 2075296?
2
What is the hundreds digit of 4169584?
5
What is the thousands digit of 1949300?
9
What is the millions digit of 3993955?
3
What is the hundred thousands digit of 386935?
3
What is the tens digit of 8569666?
6
What is the tens digit of 784875?
7
What is the tens digit of 544237?
3
What is the units digit of 343564?
4
What is the tens digit of 2159664?
6
What is the thousands digit of 1851032?
1
What is the hundred thousands digit of 3799081?
7
What is the tens digit of 258936?
3
What is the ten thousands digit of 7995593?
9
What is the ten thousands digit of 5046708?
4
What is the hundred thousands digit of 1476069?
4
What is the millions digit of 19782379?
9
What is the hundreds digit of 1878009?
0
What is the units digit of 3742794?
4
What is the hundreds digit of 687068?
0
What is the hundred thousands digit of 7074718?
0
What is the thousands digit of 33298952?
8
What is the thousands digit of 839639?
9
What is the hundreds digit of 57952?
9
What is the tens digit of 7125906?
0
What is the ten thousands digit of 389872?
8
What is the ten thousands digit of 577052?
7
What is the hundred thousands digit of 235370?
2
What is the thousands digit of 2940859?
0
What is the ten thousands digit of 15811?
1
What is the units digit of 3398095?
5
What is the ten thousands digit of 140245?
4
What is the tens digit of 185649?
4
What is the hundred thousands digit of 257034?
2
What is the ten thousands digit of 371289?
7
What is the hundreds digit of 1568409?
4
What is the thousands digit of 123254?
3
What is the tens digit of 1153711?
1
What is the ten thousands digit of 346728?
4
What is the thousands digit of 360216?
0
What is the tens digit of 610071?
7
What is the ten thousands digit of 506237?
0
What is the hundred thousands digit of 5699710?
6
What is the units digit of 236057?
7
What is the units digit of 1791953?
3
What is the tens digit of 441602?
0
What is the hundred thousands digit of 707198?
7
What is the units digit of 2080633?
3
What is the thousands digit of 182710?
2
What is the hundred thousands digit of 6779524?
7
What is the ten millions digit of 22058936?
2
What is the ten thousands digit of 88420?
8
What is the millions digit of 2407287?
2
What is the tens digit of 11174966?
6
What is the hundred thousands digit of 657242?
6
What is the tens digit of 812229?
2
What is the units digit of 4365458?
8
What is the hundred thousands digit of 2201424?
2
What is the ten thousands digit of 14843323?
4
What is the units digit of 7760988?
8
What is the tens digit of 101082?
8
What is the ten thousands digit of 6388682?
8
What is the millions digit of 2715460?
2
What is the tens digit of 96409?
0
What is the hundreds digit of 83703?
7
What is the hundred thousands digit of 373159?
3
What is the tens digit of 807419?
1
What is the hundred thousands digit of 297880?
2
What is the ten thousands digit of 158985?
5
What is the ten thousands digit of 33474971?
7
What is the hundred thousands digit of 17148099?
1
What is the hundreds digit of 218195?
1
What is the millions digit of 5956175?
5
What is the ten thousands digit of 28446636?
4
What is the hundreds digit of 19481335?
3
What is the hundred thousands digit of 4419042?
4
What is the units digit of 3852790?
0
What is the hundreds digit of 15117200?
2
What is the millions digit of 1736235?
1
What is the tens digit of 85214?
1
What is the tens digit of 367985?
8
What is the units digit of 214711?
1
What is the ten thousands digit of 96692?
9
What is the millions digit of 3658560?
3
What is the hundreds digit of 9132965?
9
What is the thousands digit of 29196178?
6
What is the ten thousands digit of 34823?
3
What is the hundred thousands digit of 8656565?
6
What is the units digit of 249